tens digit of b?
8
Suppose -5*f - 4*n = -1 + 2, -4*f - 4*n = 4. Suppose 0 = -4*j - 4*c + 2296, -f*j + 2*j = -2*c - 577. What is the units digit of j?
5
Let s(i) = 37*i**2 - 11*i + 7. Let q(x) = 12*x**2 - 4*x + 2. Let f(k) = -8*q(k) + 3*s(k). Let r be f(3). Let w = 163 + r. What is the hundreds digit of w?
3
Let h = 17878 - 12551. What is the units digit of h?
7
Suppose -2*g = -12*i - 54794, -3*g + 5*i - 6*i + 82153 = 0. What is the ten thousands digit of g?
2
Let r(i) = 114*i**2 - 30*i - 96. What is the units digit of r(-8)?
0
Let x = -4306 - -18123. What is the thousands digit of x?
3
Suppose 4*j + 12 = 28, t = 5*j + 19136. What is the hundreds digit of t?
1
Suppose -90*l = -2274935 - 1079365. What is the ten thousands digit of l?
3
Let t = 3855 + -1902. What is the thousands digit of t?
1
What is the hundreds digit of (-1*809)/(1*(-6)/66)?
8
Suppose 0 = -4*i + 5*i + 2, -5*u + 2396 = -3*i. Suppose 4*x = 2*b - u, -4*x + 2*x + 1195 = 5*b. What is the tens digit of b?
3
Let b(u) = 79*u**2 + 113*u - 53. What is the tens digit of b(9)?
6
Suppose j = 2, -x + 2*j = -916 - 688. Suppose -2*i + 1611 = -3*l, x = 2*i - 2*l - 2*l. What is the units digit of i?
0
Let z be (-7 - -22)/(3/39). Suppose 5040 = 200*x - z*x. What is the units digit of x?
8
Let l be 1513/6 + 2/60*-5. Let w = 89 + l. What is the units digit of w?
1
Let l = 8513 + -848. What is the units digit of l?
5
Let o = -72 + 120. Let n = o - 43. What is the tens digit of -1 + (-206)/(-4) + n/10?
5
Let l = 271 + -163. Let c = l + -105. Suppose c*o - 161 = -2*g, -5*o + 70 + 7 = g. What is the units digit of g?
2
What is the thousands digit of (-38 + 8)*(0 - (-5744)/(-20))?
8
Let l(w) = w**2 + 20*w + 23. Let o be l(-19). Suppose a - 5*a = 5*x - 1121, -4*a = o. What is the hundreds digit of x?
2
Suppose 3*f + 12 = 0, 3*f + 43 = 5*r - 284. What is the units digit of r?
3
Suppose 0 = -22*a + 507 - 67. Suppose -a*m + 13716 = -2*m. What is the units digit of m?
2
Let j be 12/(-15) - (-798)/10. Suppose 9*l + j = 10*l. Suppose 2*a = 227 + l. What is the units digit of a?
3
Let i = -2907 + 12082. What is the units digit of i?
5
Let o(v) = v**3 + 41*v**2 + 68*v - 71. Let t(i) = i**3 + 6*i**2 + i + 17. Let p be t(-7). What is the hundreds digit of o(p)?
3
Suppose r + r - y - 13 = 0, -r + 2*y = -11. Suppose -3*b - 11 - 1 = -4*x, -4*x = r*b - 12. Suppose b = w - 6*w + 960. What is the hundreds digit of w?
1
Suppose 8*w = 63*w - 451990. What is the tens digit of w?
1
Let i(r) be the first derivative of r**4/4 + 5*r**3/3 + 3*r**2 + 7*r + 46. Let j be i(-4). Let v(g) = 48*g**2 + g + 1. What is the units digit of v(j)?
8
Suppose 7744 = 4*k - 4*p, k + 15*p - 20*p = 1956. What is the hundreds digit of k?
9
Let b(f) = -f**2 - 7*f - 2. Let u be b(-7). Let g = u - -6. Suppose -66 = -2*i + g*d, -4*d = i - 36 - 3. What is the tens digit of i?
3
Let t(s) = 286*s**3 - s + 1. Let w be t(1). Suppose -6*m + w = -242. Let c = -45 + m. What is the tens digit of c?
4
What is the ten thousands digit of (-15636259)/(-469) - (-12)/28?
3
What is the hundreds digit of 6 + (-2 - 9) + 66620/20?
3
Let g(i) = -938*i - 62. Let a be g(-10). Suppose 15*t = a - 1653. What is the units digit of t?
1
Let z = 9181 + -385. What is the units digit of z?
6
Let v(r) be the third derivative of -11*r**4/12 - 145*r**3/6 + 18*r**2. What is the tens digit of v(-12)?
1
Let n(g) = -g**3 - g**2 - 3*g - 2. Let f be n(-3). Let i = f + 109. Let k = i - 70. What is the units digit of k?
4
Suppose 2*j + 235 = 7*j - 5*f, 2*f - 141 = -3*j. Let h = j + 585. What is the tens digit of h?
3
Suppose 0 = 16*g - 73011 + 13635. What is the units digit of g?
1
Suppose 25*r - 20*r - 20 = 0. Suppose -b = -5*b + r. What is the tens digit of (50/4)/(b/2)?
2
Suppose -184*y + 4 = -186*y, 0 = 5*l + y - 348018. What is the thousands digit of l?
9
Let p(z) = -z**3 + 7*z**2 - 3*z + 2. Let v be p(6). Suppose 322 = 40*u - 37*u - 5*a, 4*a = -2*u + 200. Suppose -u - v = -g. What is the tens digit of g?
2
Let w(m) = m**2 + 13*m + 24. Let t be w(-10). Let c(y) be the first derivative of 2*y**3/3 + y**2 + 3*y - 5. What is the units digit of c(t)?
3
Suppose -8946 = -3*u + 2*h, -2*u + 0*u = -h - 5964. What is the tens digit of u?
8
Let c = -674 - -679. Let j(t) = -2*t**2 + 3*t - 18. Let r(h) = 2*h**2 - 4*h + 17. Let x(g) = 4*j(g) + 5*r(g). What is the tens digit of x(c)?
2
Let n = 604 - 592. Let p(q) = -2 - 4*q - 12*q - 2*q**2 + 5*q**2 + 37. What is the hundreds digit of p(n)?
2
Suppose 1464 = -0*h - 6*h. Let l = h + 604. What is the tens digit of l?
6
Suppose 0 = 258*f - 267*f - 4293. Let r = f + 827. What is the tens digit of r?
5
Let q(n) = 5*n**3 + 290*n**2 + 22*n + 120. What is the thousands digit of q(-57)?
5
Let m be (-13 - -4)/3*23/(-3). Let z = m + -29. What is the tens digit of 79 + ((-10)/(-15))/(4/z)?
7
Let q(g) = -25*g + 82*g**2 + 52*g - 6 - 1 - 14*g**2. What is the thousands digit of q(5)?
1
Let o(f) = 2164 + 6*f**2 - 2128 - 3*f**2 - 5*f. What is the tens digit of o(11)?
4
Suppose 5*z = 2*a + 70, 4*a + 27 = 4*z - 17. What is the units digit of (-41)/2*(-39)/13*z?
4
Let x(b) = b + 3. Let r be x(-5). Suppose 32 = -4*t + 16. What is the units digit of r*26/t*4?
2
Let s(m) = 8 + 78*m - 19*m - 15. Let u be -8*(1 + -2) - (-14 - -18). What is the hundreds digit of s(u)?
2
Let m(c) = 11*c**3 - 6*c**2 + 18*c - 18. Let h(s) = 24*s**2 + 144*s + 5. Let j be h(-6). What is the units digit of m(j)?
7
What is the thousands digit of -3 - 1449/(-84)*(-1 - -101)?
1
Let c(a) = a**3 + a**2 + 3*a + 43. Let l(p) = -5*p - 10. Let q be l(-2). Let m be ((-2)/6*q)/2. What is the tens digit of c(m)?
4
Suppose 2*r + 2*s - 4952 = -s, r + 4*s = 2481. Suppose -3*l = -4*a - l + 2498, -4*a + r = 3*l. What is the units digit of a?
2
Let q = 135 + -252. What is the tens digit of 2/(-4) - q/6?
1
Suppose 1417 = -2*a - 5*y + 4739, -5*a + 2*y = -8363. Suppose -2*c + 2050 = -i, -3*c + i + 1404 = -a. What is the hundreds digit of c?
0
Suppose 3*s - 108587 = 4*c + 1790, 3*s - 2*c - 110363 = 0. What is the units digit of s?
3
Let r be 200/(-80) - (-37)/2. Suppose r*i = 11*i + 1715. What is the units digit of i?
3
Let o(t) = -49*t - 188. Suppose 2*q - 4*p = -36 + 10, 15 = -5*p. What is the tens digit of o(q)?
4
Let h = 175 + -147. What is the units digit of (1108 + h)/(2*1)?
8
Let a be 326/(-8) + (-45)/(-60) + 1. Let l(y) = 2*y + 1. Let q be l(-1). What is the units digit of q + (2/(-13) - 591/a)?
4
Suppose 2*x + 14 = 0, -5432 = -4*w + 2*w + 4*x. What is the thousands digit of w?
2
Let u(m) = 128*m + 317. What is the thousands digit of u(53)?
7
Suppose -120 = -15*a + 16*a. Let m = a + 218. What is the tens digit of m?
9
Let v = -5576 + 9280. What is the units digit of v?
4
Suppose -96 = 6*c - 108. What is the hundreds digit of (-376 - c)*(-1)/1?
3
Let l(y) = y - 3. Let d(b) = 10*b + 15. Let k(x) = -d(x) + 6*l(x). Let q be (-13*3)/3 + 1. What is the tens digit of k(q)?
1
Let m(c) be the first derivative of 11 - 18*c**2 + 24*c**2 - 11*c**2 + 10*c. What is the tens digit of m(-7)?
8
Let u = 32676 + 5865. What is the hundreds digit of u?
5
Let z(t) be the third derivative of 2*t**5/15 - t**4/12 + t**3/6 - 30*t**2. Let b be z(1). Suppose -13 = b*k - 20*k. What is the units digit of k?
1
Let y = -4170 - -8632. What is the hundreds digit of y?
4
Suppose -2*j = -0*l + 3*l - 42, 2*l + 3*j = 28. What is the tens digit of (-56)/196 - (-4722)/l?
3
Let k(n) = 1958*n**2 + 235*n + 1005. What is the ten thousands digit of k(-4)?
3
Suppose 0 = 291*k - 23*k - 939876. What is the hundreds digit of k?
5
Let u(a) = -10*a + 3 + 20 + 17. Let y be u(-12). Let s = -96 + y. What is the tens digit of s?
6
Let w = -29832 - -58254. What is the ten thousands digit of w?
2
Let p = -120733 + 177573. What is the hundreds digit of p?
8
Suppose 0 = 13*u - 18*u + 20. Suppose -5*x - 2265 = -5*b, -2*b + 1522 = u*x + 616. What is the units digit of b?
3
What is the hundreds digit of 5 - 74*-1*((-117)/(-6) + -2)?
3
Suppose -5*l - 27 = 2*s - 191, 102 = 3*l + 3*s. Let w = 1623 + -1484. Let x = w - l. What is the units digit of x?
7
Let c = -155 + 155. Suppose -n + 336 = -c*p - 5*p, 3*n = 2*p + 1021. What is the hundreds digit of n?
3
Let m = -2752 + 1837. Let o = -347 - m. What is the hundreds digit of o?
5
Let z(f) = f + 3. Let o(c) = c + 2. Let r(v) =